{"id":480,"date":"2024-04-04T09:12:20","date_gmt":"2024-04-04T09:12:20","guid":{"rendered":"https:\/\/store.k-tech.net.vn\/wp-webbatdongsan\/?post_type=product&#038;p=480"},"modified":"2024-04-04T09:12:35","modified_gmt":"2024-04-04T09:12:35","slug":"villatrip-seaside-47","status":"publish","type":"product","link":"https:\/\/store.k-tech-services.com\/wp-webbatdongsan\/product\/villatrip-seaside-47\/","title":{"rendered":"VILLATRIP SEASIDE 47"},"content":{"rendered":"<ul>\n<li>Bi\u1ec7t th\u1ef1 h\u1ed3 b\u01a1i, s\u00e1t bi\u1ec3n.<\/li>\n<li>Kh\u00f4ng gian BBQ c\u1ea1nh b\u00ean\u00a0bi\u1ec3n.<\/li>\n<li>Wifi, truy\u1ec1n h\u00ecnh c\u00e1p \u0111\u1ea7y \u0111\u1ee7.<\/li>\n<li>5 ph\u00f2ng ng\u1ee7 ch\u00ednh, 5wc\u00a0.C\u00f3\u00a0n\u1ec7m ph\u1ee5.<\/li>\n<li>Ph\u00f2ng kh\u00e1ch r\u1ed9ng r\u00e3i, c\u00f3 bida gi\u1ea3i tr\u00ed.<\/li>\n<li>B\u1ebfp \u0111\u1ea7y \u0111\u1ee7 ti\u1ec7n nghi n\u1ea5u \u0103n:\n<ul>\n<li>B\u00e0n \u0103n v\u00e0 gh\u1ebf.<\/li>\n<li>T\u1ee7 l\u1ea1nh l\u1edbn<\/li>\n<li>B\u1ebfp gas v\u1edbi s\u1eb5n gas.<\/li>\n<li>D\u1ee5ng c\u1ee5 v\u00e0 v\u1eadt d\u1ee5ng \u0111\u1ec3 n\u1ea5u \u0103n.<\/li>\n<\/ul>\n<\/li>\n<li>C\u00f3 l\u00f2 BBQ b\u1eb1ng than ngo\u00e0i tr\u1eddi.<\/li>\n<li>C\u00f3 \u0111\u1ea7y \u0111\u1ee7 b\u00e0n gh\u1ebf ngo\u00e0i tr\u1eddi.<\/li>\n<\/ul>\n","protected":false},"excerpt":{"rendered":"<p>&#8211; V\u1ecb tr\u00ed: 49 Tr\u1ea7n Ph\u00fa, P.5, TP V\u0169ng T\u00e0u.<br \/>\n&#8211; Bi\u1ec7t th\u1ef1 h\u1ed3 b\u01a1i v\u1edbi kh\u00f4ng gian s\u00e1t bi\u1ec3n.<br \/>\n&#8211; Kh\u00f4ng gian BBQ c\u1ea1nh b\u00ean b\u1edd bi\u1ec3n.<br \/>\n&#8211; Bi\u1ec7t th\u1ef1 ti\u1ec7n nghi, thi\u1ebft k\u1ebf hi\u1ec7n \u0111\u1ea1i.<br \/>\n&#8211; Bi\u1ec7t th\u1ef1 5 ph\u00f2ng ng\u1ee7, 3 ph\u00f2ng view bi\u1ec3n.<br \/>\n&#8211; Bi\u1ec7t th\u1ef1 v\u1edbi \u0111\u1ea7y \u0111\u1ee7 ti\u1ec7n nghi gia \u0111\u00ecnh.<br \/>\n&#8211; D\u00e0nh cho \u0111o\u00e0n 16 kh\u00e1ch.<\/p>\n","protected":false},"featured_media":190,"comment_status":"open","ping_status":"closed","template":"","meta":[],"product_cat":[15,22,20,23,19,21,18,16,24,25,26],"product_tag":[],"class_list":["post-480","product","type-product","status-publish","has-post-thumbnail","hentry","product_cat-biet-thu","product_cat-biet-thu-cao-cap","product_cat-biet-thu-da-lat","product_cat-biet-thu-doi-tac","product_cat-biet-thu-mui-ne","product_cat-biet-thu-nha-trang","product_cat-biet-thu-vung-tau","product_cat-can-ho","product_cat-can-ho-1-phong-ngu","product_cat-can-ho-2-phong-ngu","product_cat-can-ho-3-phong-ngu"],"_links":{"self":[{"href":"https:\/\/store.k-tech-services.com\/wp-webbatdongsan\/wp-json\/wp\/v2\/product\/480","targetHints":{"allow":["GET"]}}],"collection":[{"href":"https:\/\/store.k-tech-services.com\/wp-webbatdongsan\/wp-json\/wp\/v2\/product"}],"about":[{"href":"https:\/\/store.k-tech-services.com\/wp-webbatdongsan\/wp-json\/wp\/v2\/types\/product"}],"replies":[{"embeddable":true,"href":"https:\/\/store.k-tech-services.com\/wp-webbatdongsan\/wp-json\/wp\/v2\/comments?post=480"}],"wp:featuredmedia":[{"embeddable":true,"href":"https:\/\/store.k-tech-services.com\/wp-webbatdongsan\/wp-json\/wp\/v2\/media\/190"}],"wp:attachment":[{"href":"https:\/\/store.k-tech-services.com\/wp-webbatdongsan\/wp-json\/wp\/v2\/media?parent=480"}],"wp:term":[{"taxonomy":"product_cat","embeddable":true,"href":"https:\/\/store.k-tech-services.com\/wp-webbatdongsan\/wp-json\/wp\/v2\/product_cat?post=480"},{"taxonomy":"product_tag","embeddable":true,"href":"https:\/\/store.k-tech-services.com\/wp-webbatdongsan\/wp-json\/wp\/v2\/product_tag?post=480"}],"curies":[{"name":"wp","href":"https:\/\/api.w.org\/{rel}","templated":true}]}}