{"id":14,"date":"2023-08-03T13:38:20","date_gmt":"2023-08-03T13:38:20","guid":{"rendered":"http:\/\/localhost\/webbatdongsan\/?page_id=14"},"modified":"2023-08-07T06:57:50","modified_gmt":"2023-08-07T06:57:50","slug":"gioi-thieu","status":"publish","type":"page","link":"https:\/\/store.k-tech-services.com\/wp-webbatdongsan\/gioi-thieu\/","title":{"rendered":"Gi\u1edbi Thi\u1ec7u"},"content":{"rendered":"\t<section class=\"section\" id=\"section_317511587\">\n\t\t<div class=\"bg section-bg fill bg-fill  bg-loaded\" >\n\n\t\t\t\n\t\t\t\n\t\t\t\n\n\t\t<\/div>\n\n\t\t\n\n\t\t<div class=\"section-content relative\">\n\t\t\t\n<div class=\"row row-collapse row-full-width\"  id=\"row-245558543\">\n\n\t<div id=\"col-1420992124\" class=\"col relativeBox small-12 large-12\"  >\n\t\t\t\t<div class=\"col-inner\"  >\n\t\t\t\n\t\t\t\n\t<div class=\"img has-hover x md-x lg-x y md-y lg-y\" id=\"image_1214449028\">\n\t\t\t\t\t\t\t\t<div class=\"img-inner dark\" >\n\t\t\t<img loading=\"lazy\" decoding=\"async\" width=\"1366\" height=\"565\" src=\"https:\/\/store.k-tech-services.com\/wp-webbatdongsan\/wp-content\/uploads\/2023\/08\/1366-x-564.jpg\" class=\"attachment-original size-original\" alt=\"\" srcset=\"https:\/\/store.k-tech-services.com\/wp-webbatdongsan\/wp-content\/uploads\/2023\/08\/1366-x-564.jpg 1366w, https:\/\/store.k-tech-services.com\/wp-webbatdongsan\/wp-content\/uploads\/2023\/08\/1366-x-564-300x124.jpg 300w, https:\/\/store.k-tech-services.com\/wp-webbatdongsan\/wp-content\/uploads\/2023\/08\/1366-x-564-1024x424.jpg 1024w, https:\/\/store.k-tech-services.com\/wp-webbatdongsan\/wp-content\/uploads\/2023\/08\/1366-x-564-768x318.jpg 768w, https:\/\/store.k-tech-services.com\/wp-webbatdongsan\/wp-content\/uploads\/2023\/08\/1366-x-564-600x248.jpg 600w\" sizes=\"auto, (max-width: 1366px) 100vw, 1366px\" \/>\t\t\t\t\t\t\n\t\t\t\t\t<\/div>\n\t\t\t\t\t\t\t\t\n<style>\n#image_1214449028 {\n  width: 100%;\n}\n<\/style>\n\t<\/div>\n\t\n<div class=\"row row-collapse row-full-width align-center floatingNavSlider\"  id=\"row-1438120789\">\n\n\t<div id=\"col-856709683\" class=\"col small-12 large-12\"  >\n\t\t\t\t<div class=\"col-inner\"  >\n\t\t\t\n\t\t\t\n  <div id=\"page-header-850408116\" class=\"page-header-wrapper\">\n  <div class=\"page-title dark simple-title\">\n\n        <div class=\"page-title-bg\">\n      <div class=\"title-bg fill bg-fill\"\n        data-parallax-container=\".page-title\"\n        data-parallax-background\n        data-parallax=\"-\">\n      <\/div>\n      <div class=\"title-overlay fill\"><\/div>\n    <\/div>\n    \n    <div class=\"page-title-inner container align-center text-center flex-row-col medium-flex-wrap\" >\n              <div class=\"title-wrapper flex-col\">\n          <h1 class=\"entry-title mb-0\">\n            Gi\u1edbi Thi\u1ec7u          <\/h1>\n        <\/div>\n                    <div class=\"title-content flex-col\">\n        <div class=\"title-breadcrumbs pb-half pt-half\"><nav class=\"woocommerce-breadcrumb breadcrumbs uppercase\">Home<\/nav><\/div>      <\/div>\n    <\/div>\n\n     \n<style>\n#page-header-850408116 .title-overlay {\n  background-color: rgba(255, 255, 255, 0.058);\n}\n#page-header-850408116 {\n  background-color: rgba(11, 173, 56, 0.4);\n}\n<\/style>\n  <\/div>\n    <\/div>\n  \n\t\t<\/div>\n\t\t\t\t\t<\/div>\n\n\t\n<\/div>\n\t\t<\/div>\n\t\t\t\t\t<\/div>\n\n\t\n<\/div>\n\t\t<\/div>\n\n\t\t\n<style>\n#section_317511587 {\n  padding-top: 0px;\n  padding-bottom: 0px;\n}\n<\/style>\n\t<\/section>\n\t\n\t<section class=\"section\" id=\"section_362404850\">\n\t\t<div class=\"bg section-bg fill bg-fill  bg-loaded\" >\n\n\t\t\t\n\t\t\t\n\t\t\t\n\n\t\t<\/div>\n\n\t\t\n\n\t\t<div class=\"section-content relative\">\n\t\t\t\n<div class=\"row\"  id=\"row-64313573\">\n\n\t<div id=\"col-1790578952\" class=\"col medium-6 small-12 large-6\"  >\n\t\t\t\t<div class=\"col-inner\"  >\n\t\t\t\n\t\t\t\n\t<div class=\"img has-hover x md-x lg-x y md-y lg-y\" id=\"image_306066837\">\n\t\t\t\t\t\t\t\t<div class=\"img-inner dark\" >\n\t\t\t<img loading=\"lazy\" decoding=\"async\" width=\"802\" height=\"430\" src=\"https:\/\/store.k-tech-services.com\/wp-webbatdongsan\/wp-content\/uploads\/2023\/08\/galery.png\" class=\"attachment-large size-large\" alt=\"\" srcset=\"https:\/\/store.k-tech-services.com\/wp-webbatdongsan\/wp-content\/uploads\/2023\/08\/galery.png 802w, https:\/\/store.k-tech-services.com\/wp-webbatdongsan\/wp-content\/uploads\/2023\/08\/galery-300x161.png 300w, https:\/\/store.k-tech-services.com\/wp-webbatdongsan\/wp-content\/uploads\/2023\/08\/galery-768x412.png 768w, https:\/\/store.k-tech-services.com\/wp-webbatdongsan\/wp-content\/uploads\/2023\/08\/galery-600x322.png 600w\" sizes=\"auto, (max-width: 802px) 100vw, 802px\" \/>\t\t\t\t\t\t\n\t\t\t\t\t<\/div>\n\t\t\t\t\t\t\t\t\n<style>\n#image_306066837 {\n  width: 100%;\n}\n<\/style>\n\t<\/div>\n\t\n\t\t<\/div>\n\t\t\t\t\t<\/div>\n\n\t\n\n\t<div id=\"col-353577941\" class=\"col hide-for-small medium-1 small-12 large-1\"  >\n\t\t\t\t<div class=\"col-inner\"  >\n\t\t\t\n\t\t\t\n\t\t<\/div>\n\t\t\t\t\t<\/div>\n\n\t\n\n\t<div id=\"col-1027056981\" class=\"col pb-0 medium-4 small-12 large-4\"  >\n\t\t\t\t<div class=\"col-inner\"  >\n\t\t\t\n\t\t\t\n\t<div id=\"text-505822967\" class=\"text\">\n\t\t\n<h1>MANG \u0110\u1ebeN CHO KH\u00c1CH H\u00c0NG NH\u1eeeNG GI\u00c1 TR\u1eca HO\u00c0N H\u1ea2O NH\u1ea4T.<\/h1>\n\t\t\n<style>\n#text-505822967 {\n  font-size: 0.75rem;\n  color: rgb(11, 173, 56);\n}\n#text-505822967 > * {\n  color: rgb(11, 173, 56);\n}\n<\/style>\n\t<\/div>\n\t\n\t<div id=\"text-1310881170\" class=\"text\">\n\t\t\n<p class=\"des\">Bi\u1ec7t th\u1ef1 ngh\u1ec9 d\u01b0\u1ee1ng \u2013 m\u1ed9t c\u00e1i t\u00ean \u0111\u00e3 d\u1ea7n d\u1ea7n quen thu\u1ed9c Bi\u1ec7t th\u1ef1 ngh\u1ec9 d\u01b0\u1ee1ng \u2013 m\u1ed9t c\u00e1i t\u00ean \u0111\u00e3 d\u1ea7n d\u1ea7n quen thu\u1ed9c Bi\u1ec7t th\u1ef1 ngh\u1ec9 d\u01b0\u1ee1ng \u2013 m\u1ed9t c\u00e1i t\u00ean \u0111\u00e3 d\u1ea7n d\u1ea7n quen thu\u1ed9c Bi\u1ec7t th\u1ef1 ngh\u1ec9 d\u01b0\u1ee1ng \u2013 m\u1ed9t c\u00e1i t\u00ean \u0111\u00e3 d\u1ea7n d\u1ea7n quen thu\u1ed9c Bi\u1ec7t th\u1ef1 ngh\u1ec9 d\u01b0\u1ee1ng \u2013 m\u1ed9t c\u00e1i t\u00ean \u0111\u00e3 d\u1ea7n d\u1ea7n quen thu\u1ed9c Bi\u1ec7t th\u1ef1 ngh\u1ec9 d\u01b0\u1ee1ng \u2013 m\u1ed9t c\u00e1i t\u00ean \u0111\u00e3 d\u1ea7n d\u1ea7n quen thu\u1ed9c Bi\u1ec7t th\u1ef1 ngh\u1ec9 d\u01b0\u1ee1ng \u2013 m\u1ed9t c\u00e1i t\u00ean \u0111\u00e3 d\u1ea7n d\u1ea7n quen thu\u1ed9c Bi\u1ec7t th\u1ef1 ngh\u1ec9 d\u01b0\u1ee1ng \u2013 m\u1ed9t c\u00e1i t\u00ean \u0111\u00e3 d\u1ea7n d\u1ea7n quen thu\u1ed9c<\/p>\n\t\t\n<style>\n#text-1310881170 {\n  font-size: 1rem;\n  color: rgb(0, 0, 0);\n}\n#text-1310881170 > * {\n  color: rgb(0, 0, 0);\n}\n<\/style>\n\t<\/div>\n\t\n\t\t<\/div>\n\t\t\t\t\t<\/div>\n\n\t\n<\/div>\n\t\t<\/div>\n\n\t\t\n<style>\n#section_362404850 {\n  padding-top: 30px;\n  padding-bottom: 30px;\n  background-color: rgb(247, 247, 247);\n}\n<\/style>\n\t<\/section>\n\t\n\t<section class=\"section\" id=\"section_728353948\">\n\t\t<div class=\"bg section-bg fill bg-fill  bg-loaded\" >\n\n\t\t\t\n\t\t\t\n\t\t\t\n\n\t\t<\/div>\n\n\t\t\n\n\t\t<div class=\"section-content relative\">\n\t\t\t\n<div class=\"row\"  id=\"row-1548895870\">\n\n\t<div id=\"col-1439491137\" class=\"col pb-0 small-12 large-12\"  >\n\t\t\t\t<div class=\"col-inner\"  >\n\t\t\t\n\t\t\t\n\t<div id=\"text-426632104\" class=\"text\">\n\t\t\n<h1>VILLATRIP L\u00c0 S\u1ef0 L\u1ef0A CH\u1eccN H\u00c0NG \u0110\u1ea6U C\u1ee6A NHI\u1ec0U GIA \u0110\u00ccNH VI\u1ec6T NAM TRONG L\u0128NH V\u1ef0C DU L\u1ecaCH<\/h1>\n\t\t\n<style>\n#text-426632104 {\n  font-size: 1rem;\n  text-align: center;\n  color: rgb(11, 173, 56);\n}\n#text-426632104 > * {\n  color: rgb(11, 173, 56);\n}\n@media (min-width:550px) {\n  #text-426632104 {\n    font-size: 1.1rem;\n  }\n}\n<\/style>\n\t<\/div>\n\t\n<div class=\"row\"  id=\"row-5980869\">\n\n\t<div id=\"col-392511027\" class=\"col medium-3 small-12 large-3\"  >\n\t\t\t\t<div class=\"col-inner\"  >\n\t\t\t\n\t\t\t\n\n\t\t<div class=\"icon-box featured-box icon-box-center text-center\"  >\n\t\t\t\t\t<div class=\"icon-box-img\" style=\"width: 60px\">\n\t\t\t\t<div class=\"icon\">\n\t\t\t\t\t<div class=\"icon-inner\" >\n\t\t\t\t\t\t<svg xmlns=\"http:\/\/www.w3.org\/2000\/svg\" viewBox=\"0 0 640 512\"><!--! Font Awesome Pro 6.4.2 by @fontawesome - https:\/\/fontawesome.com License - https:\/\/fontawesome.com\/license (Commercial License) Copyright 2023 Fonticons, Inc. --><path d=\"M64 160C64 89.3 121.3 32 192 32H448c70.7 0 128 57.3 128 128v33.6c-36.5 7.4-64 39.7-64 78.4v48H128V272c0-38.7-27.5-71-64-78.4V160zM544 272c0-20.9 13.4-38.7 32-45.3c5-1.8 10.4-2.7 16-2.7c26.5 0 48 21.5 48 48V448c0 17.7-14.3 32-32 32H576c-17.7 0-32-14.3-32-32H96c0 17.7-14.3 32-32 32H32c-17.7 0-32-14.3-32-32V272c0-26.5 21.5-48 48-48c5.6 0 11 1 16 2.7c18.6 6.6 32 24.4 32 45.3v48 32h32H512h32V320 272z\"\/><\/svg>\t\t\t\t\t<\/div>\n\t\t\t\t<\/div>\n\t\t\t<\/div>\n\t\t\t\t<div class=\"icon-box-text last-reset\">\n\t\t\t\t\t\t\t\t\t\n<h3>Ti\u1ec7n \u00edch cao c\u1ea5p<\/h3>\n\t\t<\/div>\n\t<\/div>\n\t\n\t\n\t\t<\/div>\n\t\t\t\t\t<\/div>\n\n\t\n\n\t<div id=\"col-998441527\" class=\"col medium-3 small-12 large-3\"  >\n\t\t\t\t<div class=\"col-inner\"  >\n\t\t\t\n\t\t\t\n\n\t\t<div class=\"icon-box featured-box icon-box-center text-center\"  >\n\t\t\t\t\t<div class=\"icon-box-img\" style=\"width: 60px\">\n\t\t\t\t<div class=\"icon\">\n\t\t\t\t\t<div class=\"icon-inner\" >\n\t\t\t\t\t\t<svg xmlns=\"http:\/\/www.w3.org\/2000\/svg\" viewBox=\"0 0 640 512\"><!--! Font Awesome Pro 6.4.2 by @fontawesome - https:\/\/fontawesome.com License - https:\/\/fontawesome.com\/license (Commercial License) Copyright 2023 Fonticons, Inc. --><path d=\"M64 64V352H576V64H64zM0 64C0 28.7 28.7 0 64 0H576c35.3 0 64 28.7 64 64V352c0 35.3-28.7 64-64 64H64c-35.3 0-64-28.7-64-64V64zM128 448H512c17.7 0 32 14.3 32 32s-14.3 32-32 32H128c-17.7 0-32-14.3-32-32s14.3-32 32-32z\"\/><\/svg>\t\t\t\t\t<\/div>\n\t\t\t\t<\/div>\n\t\t\t<\/div>\n\t\t\t\t<div class=\"icon-box-text last-reset\">\n\t\t\t\t\t\t\t\t\t\n<h3>TRANG THI\u1ebeT B\u1eca HI\u1ec6N \u0110\u1ea0I V\u00c0 S\u1ea0CH \u0110\u1eb8P<br \/>\n<\/h3>\n\t\t<\/div>\n\t<\/div>\n\t\n\t\n\t\t<\/div>\n\t\t\t\t\t<\/div>\n\n\t\n\n\t<div id=\"col-195086048\" class=\"col medium-3 small-12 large-3\"  >\n\t\t\t\t<div class=\"col-inner\"  >\n\t\t\t\n\t\t\t\n\n\t\t<div class=\"icon-box featured-box icon-box-center text-center\"  >\n\t\t\t\t\t<div class=\"icon-box-img\" style=\"width: 60px\">\n\t\t\t\t<div class=\"icon\">\n\t\t\t\t\t<div class=\"icon-inner\" >\n\t\t\t\t\t\t<svg xmlns=\"http:\/\/www.w3.org\/2000\/svg\" viewBox=\"0 0 448 512\"><!--! Font Awesome Pro 6.4.2 by @fontawesome - https:\/\/fontawesome.com License - https:\/\/fontawesome.com\/license (Commercial License) Copyright 2023 Fonticons, Inc. --><path d=\"M384 32c35.3 0 64 28.7 64 64V416c0 35.3-28.7 64-64 64H64c-35.3 0-64-28.7-64-64V96C0 60.7 28.7 32 64 32H384zm-90.7 96.7c-9.7-2.6-19.9 2.3-23.7 11.6l-20 48c-3.4 8.2-1 17.6 5.8 23.2L280 231.7c-16.6 35.2-45.1 63.7-80.3 80.3l-20.2-24.7c-5.6-6.8-15-9.2-23.2-5.8l-48 20c-9.3 3.9-14.2 14-11.6 23.7l12 44C111.1 378 119 384 128 384c123.7 0 224-100.3 224-224c0-9-6-16.9-14.7-19.3l-44-12z\"\/><\/svg>\t\t\t\t\t<\/div>\n\t\t\t\t<\/div>\n\t\t\t<\/div>\n\t\t\t\t<div class=\"icon-box-text last-reset\">\n\t\t\t\t\t\t\t\t\t\n<h3>M\u1ee8C GI\u00c1 H\u1ea4P D\u1eaaN<\/h3>\n\t\t<\/div>\n\t<\/div>\n\t\n\t\n\t\t<\/div>\n\t\t\t\t\t<\/div>\n\n\t\n\n\t<div id=\"col-1562337105\" class=\"col medium-3 small-12 large-3\"  >\n\t\t\t\t<div class=\"col-inner\"  >\n\t\t\t\n\t\t\t\n\n\t\t<div class=\"icon-box featured-box icon-box-center text-center\"  >\n\t\t\t\t\t<div class=\"icon-box-img\" style=\"width: 60px\">\n\t\t\t\t<div class=\"icon\">\n\t\t\t\t\t<div class=\"icon-inner\" >\n\t\t\t\t\t\t<svg xmlns=\"http:\/\/www.w3.org\/2000\/svg\" viewBox=\"0 0 448 512\"><!--! Font Awesome Pro 6.4.2 by @fontawesome - https:\/\/fontawesome.com License - https:\/\/fontawesome.com\/license (Commercial License) Copyright 2023 Fonticons, Inc. --><path d=\"M349.4 44.6c5.9-13.7 1.5-29.7-10.6-38.5s-28.6-8-39.9 1.8l-256 224c-10 8.8-13.6 22.9-8.9 35.3S50.7 288 64 288H175.5L98.6 467.4c-5.9 13.7-1.5 29.7 10.6 38.5s28.6 8 39.9-1.8l256-224c10-8.8 13.6-22.9 8.9-35.3s-16.6-20.7-30-20.7H272.5L349.4 44.6z\"\/><\/svg>\t\t\t\t\t<\/div>\n\t\t\t\t<\/div>\n\t\t\t<\/div>\n\t\t\t\t<div class=\"icon-box-text last-reset\">\n\t\t\t\t\t\t\t\t\t\n\t<div id=\"text-911559253\" class=\"text\">\n\t\t\n<h3>S\u1ee8C CH\u1ee8A T\u1eea 12 \u0110\u1ebeN 25 NG\u01af\u1edcI<\/h3>\n\t\t\n<style>\n#text-911559253 {\n  font-size: 1rem;\n}\n<\/style>\n\t<\/div>\n\t\n\t\t<\/div>\n\t<\/div>\n\t\n\t\n\t\t<\/div>\n\t\t\t\t\t<\/div>\n\n\t\n<\/div>\n\t\t<\/div>\n\t\t\t\t\t<\/div>\n\n\t\n<\/div>\n\t\t<\/div>\n\n\t\t\n<style>\n#section_728353948 {\n  padding-top: 30px;\n  padding-bottom: 30px;\n  background-color: rgb(255, 255, 255);\n}\n<\/style>\n\t<\/section>\n\t\n","protected":false},"excerpt":{"rendered":"","protected":false},"author":1,"featured_media":0,"parent":0,"menu_order":0,"comment_status":"closed","ping_status":"closed","template":"","meta":{"footnotes":""},"class_list":["post-14","page","type-page","status-publish","hentry"],"_links":{"self":[{"href":"https:\/\/store.k-tech-services.com\/wp-webbatdongsan\/wp-json\/wp\/v2\/pages\/14","targetHints":{"allow":["GET"]}}],"collection":[{"href":"https:\/\/store.k-tech-services.com\/wp-webbatdongsan\/wp-json\/wp\/v2\/pages"}],"about":[{"href":"https:\/\/store.k-tech-services.com\/wp-webbatdongsan\/wp-json\/wp\/v2\/types\/page"}],"author":[{"embeddable":true,"href":"https:\/\/store.k-tech-services.com\/wp-webbatdongsan\/wp-json\/wp\/v2\/users\/1"}],"replies":[{"embeddable":true,"href":"https:\/\/store.k-tech-services.com\/wp-webbatdongsan\/wp-json\/wp\/v2\/comments?post=14"}],"version-history":[{"count":15,"href":"https:\/\/store.k-tech-services.com\/wp-webbatdongsan\/wp-json\/wp\/v2\/pages\/14\/revisions"}],"predecessor-version":[{"id":472,"href":"https:\/\/store.k-tech-services.com\/wp-webbatdongsan\/wp-json\/wp\/v2\/pages\/14\/revisions\/472"}],"wp:attachment":[{"href":"https:\/\/store.k-tech-services.com\/wp-webbatdongsan\/wp-json\/wp\/v2\/media?parent=14"}],"curies":[{"name":"wp","href":"https:\/\/api.w.org\/{rel}","templated":true}]}}