{"id":348,"date":"2024-03-28T09:45:13","date_gmt":"2024-03-28T09:45:13","guid":{"rendered":"https:\/\/demo.k-tech.net.vn\/wp-noithat\/?post_type=product&#038;p=348"},"modified":"2024-03-29T02:32:56","modified_gmt":"2024-03-29T02:32:56","slug":"set-2-ban-sofa-ban-cafe-ban-tra-go-cao-su","status":"publish","type":"product","link":"https:\/\/store.k-tech-services.com\/wp-noithat\/san-pham\/set-2-ban-sofa-ban-cafe-ban-tra-go-cao-su\/","title":{"rendered":"Set 2 B\u00e0n Sofa \u2013 B\u00e0n Cafe \u2013 B\u00e0n Tr\u00e0 G\u1ed7 Cao Su"},"content":{"rendered":"<h2><strong>1. TH\u00d4NG S\u1ed0 K\u1ef8 THU\u1eacT<\/strong><\/h2>\n<p><img decoding=\"async\" src=\"https:\/\/file.hstatic.net\/200000065946\/file\/moho-verona-ban-cafe-801-1_6d2cc6eecde1429c9984792229d189de.jpg\" alt=\"moho-verona-ban-cafe-801-1\" \/><\/p>\n<p><img decoding=\"async\" src=\"https:\/\/file.hstatic.net\/200000065946\/file\/moho-verona-ban-cafe-801-2_20550e09efb643bba4556ee6c94d2149.jpg\" alt=\"moho-verona-ban-cafe-801-2\" \/><\/p>\n<h4><\/h4>\n<h2><strong>2. CHI TI\u1ebeT\u00a0V\u1eacT\u00a0LI\u1ec6U<\/strong><\/h2>\n<p><a href=\"http:\/\/sdsd\/\"><strong>G\u1ed7 c\u00f4ng nghi\u1ec7p<\/strong><\/a><\/p>\n<p><a href=\"http:\/\/sdsd\/\">S\u1ea3n ph\u1ea9m\u00a0s\u1eed d\u1ee5ng ch\u1ea5t li\u1ec7u\u00a0<strong><u>g\u1ed7 c\u00f4ng nghi\u1ec7p<\/u><\/strong>\u00a0(PB, MDF) \u0111\u1ea1t chu\u1ea9n<strong>\u00a0<\/strong><u><strong>CARB-P2<\/strong><\/u>\u00a0an to\u00e0n tuy\u1ec7t \u0111\u1ed1i cho ng\u01b0\u1eddi s\u1ee9c kh\u1ecfe ng\u01b0\u1eddi d\u00f9ng v\u00e0 \u0111\u1ea1t\u00a0<strong><u>ch\u1ee9ng nh\u1eadn FSC<\/u><\/strong>\u00a0b\u1ea3o v\u1ec7 v\u00e0 ph\u00e1t tri\u1ec3n r\u1eebng.<\/a><\/p>\n<h3><a href=\"http:\/\/sdsd\/\"><strong>G\u1ed7 cao su t\u1ef1 nhi\u00ean<\/strong><\/a><\/h3>\n<p><a href=\"http:\/\/sdsd\/\">S\u1eed d\u1ee5ng ch\u1ea5t li\u1ec7u\u00a0<strong><u>g\u1ed7 cao su<\/u><\/strong>\u00a0t\u1ef1 nhi\u00ean gi\u00fap s\u1ea3n ph\u1ea9m c\u00f3 kh\u1ea3 n\u0103ng ch\u1ecbu l\u1ef1c t\u1ed1t v\u00e0 \u0111\u1ed9 b\u1ec1n cao.\u00a0<\/a><\/p>\n<p><a href=\"http:\/\/sdsd\/\"><img decoding=\"async\" src=\"https:\/\/file.hstatic.net\/200000065946\/file\/moho-verona-ban-cafe-801-3_fc3df509899f476d9411d34f5aee980e.jpg\" alt=\"moho-verona-ban-cafe-801-3\" \/><\/a><\/p>\n<p><a href=\"http:\/\/sdsd\/\"><img decoding=\"async\" src=\"https:\/\/file.hstatic.net\/200000065946\/file\/noi-that-moho-van-go-tu-nhien_3883f71c3edf44d19cad4f577a48e512.jpg\" alt=\"M\u1eaft g\u1ed7 v\u00e0 v\u00e2n g\u1ed7 t\u1ef1 nhi\u00ean\" \/><\/a><\/p>\n<p><a href=\"http:\/\/sdsd\/\"><em>* M\u1ed9t s\u1ed1 s\u1ea3n ph\u1ea9m s\u1eed d\u1ee5ng g\u1ed7 t\u1ef1 nhi\u00ean c\u00f3 th\u1ec3 xu\u1ea5t hi\u1ec7n m\u1eaft g\u1ed7 ng\u1eabu nhi\u00ean v\u00e0 v\u00e2n g\u1ed7 tr\u00ean b\u1ec1 m\u1eb7t m\u1ed7i s\u1ea3n ph\u1ea9m s\u1ebd kh\u00e1c nhau \u2013 \u0111i\u1ec1u n\u00e0y l\u00e0 ho\u00e0n to\u00e0n t\u1ef1 nhi\u00ean, t\u1ea1o n\u00ean s\u1ef1 \u0111\u1ed9c \u0111\u00e1o ri\u00eang cho t\u1eebng s\u1ea3n ph\u1ea9m. V\u00ec v\u1eady MOHO s\u1ebd kh\u00f4ng \u00e1p d\u1ee5ng c\u00e1c ch\u00ednh s\u00e1ch \u0111\u1ed5i tr\u1ea3, b\u1ea3o h\u00e0nh v\u00e0 b\u1ea3o tr\u00ec cho c\u00e1c tr\u01b0\u1eddng h\u1ee3p n\u00e0y.<\/em><\/a><\/p>\n<h2><a href=\"http:\/\/sdsd\/\"><strong>3. \u0110\u1eb6C \u0110I\u1ec2M N\u1ed4I B\u1eacT<\/strong><\/a><\/h2>\n<p><a href=\"http:\/\/sdsd\/\">C\u00e1c thi\u1ebft k\u1ebf t\u1eeb\u00a0<strong><u>b\u1ed9 s\u01b0u t\u1eadp n\u1ed9i th\u1ea5t<\/u>\u00a0MILAN<\/strong>\u00a0l\u1ea5y \u00fd t\u01b0\u1edfng\u00a0t\u1eeb kinh \u0111\u00f4 th\u1eddi trang th\u1ebf gi\u1edbi \u2013 n\u01b0\u1edbc \u00dd,\u00a0truy\u1ec1n t\u1ea3i h\u01a1i th\u1edf hi\u1ec7n \u0111\u1ea1i v\u00e0 tinh t\u1ebf trong t\u1eebng \u0111\u01b0\u1eddng n\u00e9t.<\/a><\/p>\n<h3><a href=\"http:\/\/sdsd\/\"><strong>Ki\u1ec3u d\u00e1ng tinh t\u1ebf<\/strong><\/a><\/h3>\n<p><a href=\"http:\/\/sdsd\/\">Thi\u1ebft k\u1ebf t\u1ed1i gi\u1ea3n c\u00f9ng t\u00f4ng x\u00e1m th\u1eddi th\u01b0\u1ee3ng gi\u00fap s\u1ea3n ph\u1ea9m d\u1ec5 d\u00e0ng k\u1ebft h\u1ee3p h\u00e0i ho\u00e0\u00a0v\u1edbi \u0111a d\u1ea1ng\u00a0<u><strong>n\u1ed9i th\u1ea5t ph\u00f2ng kh\u00e1ch<\/strong><\/u>.<\/a><\/p>\n<p><a href=\"http:\/\/sdsd\/\"><img decoding=\"async\" src=\"https:\/\/file.hstatic.net\/200000065946\/file\/moho-verona-ban-cafe-801-4_7f165d602b5548cb9b29bd4837361589.jpg\" alt=\"moho-verona-ban-cafe-801-4\" \/><\/a><\/p>\n<p>&nbsp;<\/p>\n<h3><a href=\"http:\/\/sdsd\/\"><strong>B\u1ec1n b\u1ec9 theo th\u1eddi gian<\/strong><\/a><\/h3>\n<p><a href=\"http:\/\/sdsd\/\">M\u1eb7t b\u00e0n \u0111\u01b0\u1ee3c s\u01a1n ph\u1ee7 theo c\u00f4ng ngh\u1ec7 NC, gi\u00fap s\u1ea3n ph\u1ea9m c\u00f3 b\u1ec1 m\u1eb7t s\u00e1ng b\u00f3ng v\u00e0 b\u1ec1n m\u00e0u theo th\u1eddi gian.<\/a><\/p>\n<p><a href=\"http:\/\/sdsd\/\"><img decoding=\"async\" src=\"https:\/\/file.hstatic.net\/200000065946\/file\/moho-verona-ban-cafe-801-5_b87678606dca447e86c8bad5848b31b1.jpg\" alt=\"moho-verona-ban-cafe-801-5\" \/><\/a><\/p>\n<p>&nbsp;<\/p>\n<h3><a href=\"http:\/\/sdsd\/\"><strong>K\u1ebft c\u1ea5u ch\u1eafc ch\u1eafn<\/strong><\/a><\/h3>\n<p><a href=\"http:\/\/sdsd\/\">Ch\u00e2n b\u00e0n t\u1eeb g\u1ed7 cao su t\u1ef1 nhi\u00ean, thi\u1ebft k\u1ebf bo tr\u00f2n t\u1ea1o s\u1ef1 m\u1ec1m m\u1ea1i c\u00f9ng kh\u1ea3 n\u0103ng ch\u1ecbu l\u1ef1c t\u1ed1t.\u00a0<\/a><\/p>\n<p><a href=\"http:\/\/sdsd\/\"><img decoding=\"async\" src=\"https:\/\/file.hstatic.net\/200000065946\/file\/moho-verona-ban-cafe-801-6_15df18bc719347df9988a76dd8c18a7e.jpg\" alt=\"moho-verona-ban-cafe-801-6\" \/><\/a><\/p>\n<p>&nbsp;<\/p>\n<h2><a href=\"http:\/\/sdsd\/\"><strong>4. KH\u00d4NG GIAN S\u1ed0NG<\/strong><\/a><\/h2>\n<p><a href=\"http:\/\/sdsd\/\">B\u00e0n sofa MILAN c\u00f3 \u0111a d\u1ea1ng c\u00e1ch k\u1ebft h\u1ee3p, c\u00f3 th\u1ec3 s\u1eed d\u1ee5ng b\u00e0n sofa \u0111\u01a1n ho\u1eb7c c\u00f3 th\u1ec3 k\u1ebft h\u1ee3p 2 b\u00e0n \u0111\u1ed9c \u0111\u00e1o, mang n\u00e9t hi\u1ec7n \u0111\u1ea1i cho kh\u00f4ng gian\u00a0<strong><u>n\u1ed9i th\u1ea5t ph\u00f2ng kh\u00e1ch<\/u><\/strong>.<\/a><\/p>\n<p><a href=\"http:\/\/sdsd\/\"><img decoding=\"async\" src=\"https:\/\/file.hstatic.net\/200000065946\/file\/moho-verona-ban-cafe-801-7_997c65ed41b44f57a5b2848788b0884d.jpg\" alt=\"moho-verona-ban-cafe-801-7\" \/><\/a><\/p>\n<p><a href=\"http:\/\/sdsd\/\"><img decoding=\"async\" src=\"https:\/\/file.hstatic.net\/200000065946\/file\/moho-verona-ban-cafe-801-8_2d5104307cb746759d3b20c43ee448ab.jpg\" alt=\"moho-verona-ban-cafe-801-8\" \/><\/a><\/p>\n","protected":false},"excerpt":{"rendered":"<p><strong>Ch\u1ea5t li\u1ec7u:<\/strong><\/p>\n<p>&#8211; M\u1eb7t b\u00e0n: G\u1ed7 c\u00f4ng nghi\u1ec7p MDF chu\u1ea9n CARB-P2 (*), S\u01a1n ph\u1ee7 UV<\/p>\n<p>&#8211; Ch\u00e2n b\u00e0n: G\u1ed7 cao su t\u1ef1 nhi\u00ean<\/p>\n<p><em>(*) Ti\u00eau chu\u1ea9n California Air Resources Board xu\u1ea5t kh\u1ea9u M\u1ef9, \u0111\u1ea3m b\u1ea3o g\u1ed7 kh\u00f4ng \u0111\u1ed9c h\u1ea1i, an to\u00e0n cho s\u1ee9c kh\u1ecfe<\/em><\/p>\n<p><em>Ch\u1ed1ng th\u1ea5m, cong v\u00eanh, tr\u1ea7y x\u01b0\u1edbc, m\u1ed1i m\u1ecdt<\/em><\/p>\n","protected":false},"featured_media":349,"comment_status":"open","ping_status":"closed","template":"","meta":{"_acf_changed":false},"product_cat":[21,57,59,50,56,58,60,36,46,41],"product_tag":[],"tinh-trang":[],"class_list":{"0":"post-348","1":"product","2":"type-product","3":"status-publish","4":"has-post-thumbnail","6":"product_cat-phong-khach","7":"product_cat-ban","8":"product_cat-den","9":"product_cat-do-trang-tri","10":"product_cat-ghe","11":"product_cat-giuong","12":"product_cat-ke-de-giay","13":"product_cat-phong-bep","14":"product_cat-phong-lam-viec","15":"product_cat-phong-ngu","17":"first","18":"instock","19":"featured","20":"shipping-taxable","21":"purchasable","22":"product-type-simple"},"acf":[],"_links":{"self":[{"href":"https:\/\/store.k-tech-services.com\/wp-noithat\/wp-json\/wp\/v2\/product\/348","targetHints":{"allow":["GET"]}}],"collection":[{"href":"https:\/\/store.k-tech-services.com\/wp-noithat\/wp-json\/wp\/v2\/product"}],"about":[{"href":"https:\/\/store.k-tech-services.com\/wp-noithat\/wp-json\/wp\/v2\/types\/product"}],"replies":[{"embeddable":true,"href":"https:\/\/store.k-tech-services.com\/wp-noithat\/wp-json\/wp\/v2\/comments?post=348"}],"wp:featuredmedia":[{"embeddable":true,"href":"https:\/\/store.k-tech-services.com\/wp-noithat\/wp-json\/wp\/v2\/media\/349"}],"wp:attachment":[{"href":"https:\/\/store.k-tech-services.com\/wp-noithat\/wp-json\/wp\/v2\/media?parent=348"}],"wp:term":[{"taxonomy":"product_cat","embeddable":true,"href":"https:\/\/store.k-tech-services.com\/wp-noithat\/wp-json\/wp\/v2\/product_cat?post=348"},{"taxonomy":"product_tag","embeddable":true,"href":"https:\/\/store.k-tech-services.com\/wp-noithat\/wp-json\/wp\/v2\/product_tag?post=348"},{"taxonomy":"tinh-trang","embeddable":true,"href":"https:\/\/store.k-tech-services.com\/wp-noithat\/wp-json\/wp\/v2\/tinh-trang?post=348"}],"curies":[{"name":"wp","href":"https:\/\/api.w.org\/{rel}","templated":true}]}}