{"id":276,"date":"2024-03-28T04:43:57","date_gmt":"2024-03-28T04:43:57","guid":{"rendered":"https:\/\/demo.k-tech.net.vn\/wp-noithat\/?post_type=product&#038;p=276"},"modified":"2024-03-29T02:33:17","modified_gmt":"2024-03-29T02:33:17","slug":"ban-sofa-ban-cafe-ban-tra-go-cao-su-trang","status":"publish","type":"product","link":"https:\/\/store.k-tech-services.com\/wp-noithat\/san-pham\/ban-sofa-ban-cafe-ban-tra-go-cao-su-trang\/","title":{"rendered":"B\u00e0n Sofa \u2013 B\u00e0n Cafe \u2013 B\u00e0n Tr\u00e0 G\u1ed7 Cao Su Tr\u1eafng"},"content":{"rendered":"<h2><strong>1. TH\u00d4NG S\u1ed0 K\u1ef8 THU\u1eacT<\/strong><\/h2>\n<p><img decoding=\"async\" src=\"https:\/\/file.hstatic.net\/200000065946\/file\/moho-verona-ban-cafe-801-1_9b16a33744d5455a93f809a0e692499f.png\" alt=\"moho-verona-ban-cafe-801-1\" \/><\/p>\n<p>&nbsp;<\/p>\n<h2><strong>2. CHI TI\u1ebeT V\u1eacT LI\u1ec6U<\/strong><\/h2>\n<h3><strong>G\u1ed7 c\u00f4ng nghi\u1ec7p<\/strong><\/h3>\n<p>S\u1ea3n ph\u1ea9m l\u00e0m t\u1eeb g\u1ed7 c\u00f4ng nghi\u1ec7p (PB, MDF) \u0111\u00e1p \u1ee9ng ti\u00eau ch\u00ed CARB-P2 ho\u00e0n to\u00e0n an to\u00e0n v\u1edbi s\u1ee9c kh\u1ecfe con ng\u01b0\u1eddi v\u00e0 \u0111\u01b0\u1ee3c c\u1ea5p ch\u1ee9ng ch\u1ec9 FSC v\u1ec1 b\u1ea3o t\u1ed3n v\u00e0 ph\u00e1t tri\u1ec3n r\u1eebng.<\/p>\n<h3><strong>G\u1ed7 cao su t\u1ef1 nhi\u00ean<\/strong><\/h3>\n<p>Vi\u1ec7c s\u1eed d\u1ee5ng ch\u1ea5t li\u1ec7u g\u1ed7 cao su t\u1ef1 nhi\u00ean gi\u00fap n\u00e2ng cao kh\u1ea3 n\u0103ng ch\u1ecbu l\u1ef1c v\u00e0 tu\u1ed5i th\u1ecd c\u1ee7a s\u1ea3n ph\u1ea9m.<\/p>\n<p><img decoding=\"async\" src=\"https:\/\/file.hstatic.net\/200000065946\/file\/moho-verona-ban-cafe-801-2_a08b6148fdc9415d89ae84d275bb5fc6.png\" alt=\"moho-verona-ban-cafe-801-2\" \/><\/p>\n<p>&nbsp;<\/p>\n<h2><strong>3. \u0110\u1eb6C \u0110I\u1ec2M N\u1ed4I B\u1eacT<\/strong><\/h2>\n<p>B\u1ed9 s\u01b0u t\u1eadp n\u1ed9i th\u1ea5t MILAN \u0111\u01b0\u1ee3c l\u1ea5y c\u1ea3m h\u1ee9ng t\u1eeb kinh \u0111\u00f4 th\u1eddi trang th\u1ebf gi\u1edbi &#8211; n\u01b0\u1edbc \u00dd, t\u1eebng \u0111\u01b0\u1eddng n\u00e9t \u0111\u1ec1u to\u00e1t l\u00ean kh\u00ed ch\u1ea5t hi\u1ec7n \u0111\u1ea1i v\u00e0 tinh t\u1ebf.<\/p>\n<h3><strong>Ki\u1ec3u d\u00e1ng tinh t\u1ebf<\/strong><\/h3>\n<p>Thi\u1ebft k\u1ebf c\u01a1 b\u1ea3n v\u00e0 t\u00f4ng m\u00e0u x\u00e1m th\u1eddi trang c\u1ee7a s\u1ea3n ph\u1ea9m gi\u00fap b\u1ea1n d\u1ec5 d\u00e0ng h\u00f2a h\u1ee3p v\u1edbi nhi\u1ec1u kh\u00f4ng gian ph\u00f2ng kh\u00e1ch.<\/p>\n<p><img decoding=\"async\" src=\"https:\/\/file.hstatic.net\/200000065946\/file\/moho-verona-ban-cafe-801-3_9192e93a39d142e8aa04d411782b184f.png\" alt=\"moho-verona-ban-cafe-801-3\" \/><\/p>\n<p>&nbsp;<\/p>\n<h3><strong>B\u1ec1n b\u1ec9 theo th\u1eddi gian<\/strong><\/h3>\n<p>M\u1eb7t b\u00e0n \u0111\u01b0\u1ee3c s\u01a1n ph\u1ee7 b\u1eb1ng c\u00f4ng ngh\u1ec7 NC g\u00f3p ph\u1ea7n gi\u00fap s\u1ea3n ph\u1ea9m c\u00f3 b\u1ec1 m\u1eb7t s\u00e1ng \u0111\u1eb9p l\u00e2u d\u00e0i v\u00e0 \u0111\u1ed9 b\u1ec1n m\u00e0u c\u1ef1c k\u1ef3 cao qua n\u0103m th\u00e1ng.<\/p>\n<p><img decoding=\"async\" src=\"https:\/\/file.hstatic.net\/200000065946\/file\/moho-verona-ban-cafe-801-4_67e00c226a7844418d032fa98721fb18.png\" alt=\"moho-verona-ban-cafe-801-4\" \/><\/p>\n<p>&nbsp;<\/p>\n<h3><strong>K\u1ebft c\u1ea5u b\u00e0n tr\u00e0\u00a0ch\u1eafc ch\u1eafn<\/strong><\/h3>\n<p>Ch\u00e2n b\u00e0n l\u00e0m t\u1eeb g\u1ed7 cao su t\u1ef1 nhi\u00ean, \u0111\u01b0\u1ee3c bo tr\u00f2n c\u00e1c c\u1ea1nh mang \u0111\u1ebfn s\u1ef1 m\u1ec1m m\u1ea1i v\u00e0 kh\u1ea3 n\u0103ng ch\u1ecbu l\u1ef1c t\u1ed1t.<\/p>\n<p><img decoding=\"async\" src=\"https:\/\/file.hstatic.net\/200000065946\/file\/moho-verona-ban-cafe-801-5_57b23226e7324c5699431581ebbfa08f.png\" alt=\"moho-verona-ban-cafe-801-5\" \/><\/p>\n<p>&nbsp;<\/p>\n<h2><strong>4. KH\u00d4NG GIAN S\u1ed0NG<\/strong><\/h2>\n<p>B\u00e0n Sofa \u2013 B\u00e0n Cafe \u2013 B\u00e0n Tr\u00e0 G\u1ed7 Cao Su MOHO MILAN 601 Tr\u1eafng l\u00e0 m\u00f3n \u0111\u1ed3 n\u1ed9i th\u1ea5t ph\u00f9 h\u1ee3p v\u1edbi b\u1ea5t k\u1ef3 chi\u1ebfc gh\u1ebf b\u0103ng sofa n\u00e0o trong ph\u00f2ng kh\u00e1ch nh\u00e0 b\u1ea1n. Gi\u00fap b\u1ea1n b\u00e0i tr\u00ed v\u00e0 ti\u1ec7n l\u1ee3i di chuy\u1ec3n trong b\u1ea5t k\u1ef3 kh\u00f4ng gian n\u00e0o nh\u1edd v\u00e0o thi\u1ebft k\u1ebf hi\u1ec7n \u0111\u1ea1i, \u0111\u01b0\u1eddng n\u00e9t tinh x\u1ea3o, m\u00e0u s\u1eafc b\u1eaft m\u1eaft ng\u01b0\u1eddi d\u00f9ng.<\/p>\n<p><img decoding=\"async\" src=\"https:\/\/file.hstatic.net\/200000065946\/file\/moho-verona-ban-cafe-801-6_5d6af35980f147019a5ecc67923a70f5.png\" alt=\"moho-verona-ban-cafe-801-6\" \/><\/p>\n","protected":false},"excerpt":{"rendered":"<p>&#8211; M\u1eb7t b\u00e0n: G\u1ed7 c\u00f4ng nghi\u1ec7p MDF chu\u1ea9n CARB-P2 (*), S\u01a1n ph\u1ee7 UV<\/p>\n<p>&#8211; Ch\u00e2n b\u00e0n: G\u1ed7 cao su t\u1ef1 nhi\u00ean<\/p>\n<p><em>(*) Ti\u00eau chu\u1ea9n California Air Resources Board xu\u1ea5t kh\u1ea9u M\u1ef9, \u0111\u1ea3m b\u1ea3o g\u1ed7 kh\u00f4ng \u0111\u1ed9c h\u1ea1i, an to\u00e0n cho s\u1ee9c kh\u1ecfe<\/em><\/p>\n<p><em>Ch\u1ed1ng th\u1ea5m, cong v\u00eanh, tr\u1ea7y x\u01b0\u1edbc, m\u1ed1i m\u1ecdt<\/em><\/p>\n","protected":false},"featured_media":277,"comment_status":"open","ping_status":"closed","template":"","meta":{"_acf_changed":false},"product_cat":[20,21,57,59,50,56,58,60,36],"product_tag":[],"tinh-trang":[],"class_list":{"0":"post-276","1":"product","2":"type-product","3":"status-publish","4":"has-post-thumbnail","6":"product_cat-ghe-sofa","7":"product_cat-phong-khach","8":"product_cat-ban","9":"product_cat-den","10":"product_cat-do-trang-tri","11":"product_cat-ghe","12":"product_cat-giuong","13":"product_cat-ke-de-giay","14":"product_cat-phong-bep","16":"first","17":"instock","18":"featured","19":"shipping-taxable","20":"purchasable","21":"product-type-simple"},"acf":[],"_links":{"self":[{"href":"https:\/\/store.k-tech-services.com\/wp-noithat\/wp-json\/wp\/v2\/product\/276","targetHints":{"allow":["GET"]}}],"collection":[{"href":"https:\/\/store.k-tech-services.com\/wp-noithat\/wp-json\/wp\/v2\/product"}],"about":[{"href":"https:\/\/store.k-tech-services.com\/wp-noithat\/wp-json\/wp\/v2\/types\/product"}],"replies":[{"embeddable":true,"href":"https:\/\/store.k-tech-services.com\/wp-noithat\/wp-json\/wp\/v2\/comments?post=276"}],"wp:featuredmedia":[{"embeddable":true,"href":"https:\/\/store.k-tech-services.com\/wp-noithat\/wp-json\/wp\/v2\/media\/277"}],"wp:attachment":[{"href":"https:\/\/store.k-tech-services.com\/wp-noithat\/wp-json\/wp\/v2\/media?parent=276"}],"wp:term":[{"taxonomy":"product_cat","embeddable":true,"href":"https:\/\/store.k-tech-services.com\/wp-noithat\/wp-json\/wp\/v2\/product_cat?post=276"},{"taxonomy":"product_tag","embeddable":true,"href":"https:\/\/store.k-tech-services.com\/wp-noithat\/wp-json\/wp\/v2\/product_tag?post=276"},{"taxonomy":"tinh-trang","embeddable":true,"href":"https:\/\/store.k-tech-services.com\/wp-noithat\/wp-json\/wp\/v2\/tinh-trang?post=276"}],"curies":[{"name":"wp","href":"https:\/\/api.w.org\/{rel}","templated":true}]}}