{"id":85,"date":"2024-03-27T08:46:58","date_gmt":"2024-03-27T08:46:58","guid":{"rendered":"https:\/\/demo.k-tech.net.vn\/wp-mypham\/?post_type=product&#038;p=85"},"modified":"2024-04-01T03:34:46","modified_gmt":"2024-04-01T03:34:46","slug":"phan-nuoc-aprilskin-ma-thuat-mau-sang-hong-22-pink-beige-15g","status":"publish","type":"product","link":"https:\/\/store.k-tech-services.com\/wp-mypham\/san-pham\/phan-nuoc-aprilskin-ma-thuat-mau-sang-hong-22-pink-beige-15g\/","title":{"rendered":"Ph\u1ea5n N\u01b0\u1edbc Aprilskin Ma Thu\u1eadt M\u00e0u S\u00e1ng H\u1ed3ng 22 Pink Beige 15g"},"content":{"rendered":"<p>Ph\u1ea5n N\u01b0\u1edbc Ma Thu\u1eadt\u00a0April Skin Black Magic Snow Cushion\u00a0l\u00e0 s\u1ea3n ph\u1ea9m\u00a0cushion\u00a0phi\u00ean b\u1ea3n m\u1edbi nh\u1ea5t \u0111\u1ebfn t\u1eeb\u00a0th\u01b0\u01a1ng hi\u1ec7u m\u1ef9 ph\u1ea9m April Skin\u00a0c\u1ee7a H\u00e0n Qu\u1ed1c, gi\u00fap bi\u1ebfn h\u00f3a l\u00e0n da khuy\u1ebft \u0111i\u1ec3m th\u00e0nh l\u00e0n da \u0111\u1eb9p ngay l\u1eadp t\u1ee9c, c\u00f3 th\u1ec3 thay th\u1ebf to\u00e0n b\u1ed9 b\u01b0\u1edbc trang \u0111i\u1ec3m t\u1eeb kem l\u00f3t, kem n\u1ec1n, ph\u1ea5n ph\u1ee7, kem ch\u1ed1ng n\u1eafng ch\u1ec9 trong m\u1ed9t b\u01b0\u1edbc. S\u1ea3n ph\u1ea9m c\u00f3 th\u00e0nh ph\u1ea7n n\u01b0\u1edbc kho\u00e1ng thi\u00ean nhi\u00ean r\u1ea5t gi\u00e0u Canxi, Magi\u00ea, Natri &#8230; 6 lo\u1ea1i kho\u00e1ng ch\u1ea5t cung c\u1ea5p \u0111\u1ed9 \u1ea9m, b\u1ea3o v\u1ec7 l\u00e0n da l\u00e2u d\u00e0i tr\u01b0\u1edbc t\u00e1c \u0111\u1ed9ng t\u1eeb m\u00f4i tr\u01b0\u1eddng.<\/p>\n<p>&nbsp;<\/p>\n<p><img decoding=\"async\" title=\"Ph\u1ea5n N\u01b0\u1edbc Ma Thu\u1eadt April Skin Black Magic Snow Cushion\" src=\"https:\/\/media.hasaki.vn\/wysiwyg\/Chau\/phan-nuoc-ma-thuat-mau-tu-nhien-april-skin-15g-1.jpg\" alt=\"Ph\u1ea5n N\u01b0\u1edbc Ma Thu\u1eadt April Skin Black Magic Snow Cushion 15g\" data-was-processed=\"true\" \/><\/p>\n<p>&nbsp;<\/p>\n<p>Hi\u1ec7n s\u1ea3n ph\u1ea9m\u00a0Ph\u1ea5n N\u01b0\u1edbc Ma Thu\u1eadt\u00a0April Skin Black Magic Snow Cushion\u00a0\u0111\u00e3 c\u00f3 m\u1eb7t t\u1ea1i\u00a0c\u00f3 c\u00e1c tone m\u00e0u:<\/p>\n<ul>\n<li>21 Light Beige: D\u00e0nh cho t\u00f4ng da tr\u1eafng s\u00e1ng.<\/li>\n<li>22 Pink Beige: D\u00e0nh cho t\u00f4ng da s\u00e1ng h\u1ed3ng.<\/li>\n<li>23 Natural Beige: D\u00e0nh cho t\u00f4ng da t\u1ef1 nhi\u00ean.<\/li>\n<\/ul>\n<p>&nbsp;<\/p>\n<p><img decoding=\"async\" title=\"B\u1ea3ng m\u00e0u Ph\u1ea5n N\u01b0\u1edbc Ma Thu\u1eadt April Skin Black Magic Snow Cushion\" src=\"https:\/\/media.hasaki.vn\/wysiwyg\/Chau\/phan-nuoc-ma-thuat-mau-tu-nhien-april-skin-15g-2.jpg\" alt=\"B\u1ea3ng m\u00e0u Ph\u1ea5n N\u01b0\u1edbc Ma Thu\u1eadt April Skin Black Magic Snow Cushion 15g\" \/><\/p>\n<p>&nbsp;<\/p>\n<h2>Lo\u1ea1i da ph\u00f9 h\u1ee3p:<\/h2>\n<ul>\n<li>S\u1ea3n ph\u1ea9m th\u00edch h\u1ee3p v\u1edbi m\u1ecdi lo\u1ea1i da\u00a0\u0111\u1eb7c bi\u1ec7t l\u00e0 da kh\u00f4, th\u01b0\u1eddng.<\/li>\n<\/ul>\n<h2>Gi\u1ea3i ph\u00e1p cho t\u00ecnh tr\u1ea1ng da :<\/h2>\n<ul>\n<li>Da xu\u1ea5t hi\u1ec7n nhi\u1ec1u khuy\u1ebft \u0111i\u1ec3m.<\/li>\n<li>Th\u01b0\u1eddng xuy\u00ean trang \u0111i\u1ec3m h\u1eb1ng ng\u00e0y.<\/li>\n<\/ul>\n<p>&nbsp;<\/p>\n<p><img decoding=\"async\" src=\"https:\/\/media.hasaki.vn\/wysiwyg\/Chau\/phan-nuoc-ma-thuat-mau-tu-nhien-april-skin-15g-3.jpg\" alt=\"Mua Ph\u1ea5n N\u01b0\u1edbc Ma Thu\u1eadt April Skin Black Magic Snow Cushion t\u1ea1i Hasaki \" \/><\/p>\n<p>&nbsp;<\/p>\n<p><img decoding=\"async\" title=\"Mua Ph\u1ea5n N\u01b0\u1edbc Ma Thu\u1eadt April Skin Black Magic Snow Cushion t\u1ea1i Hasaki \" src=\"https:\/\/media.hasaki.vn\/wysiwyg\/Chau\/phan-nuoc-ma-thuat-mau-tu-nhien-april-skin-15g-4.jpg\" alt=\"Mua Ph\u1ea5n N\u01b0\u1edbc Ma Thu\u1eadt April Skin Black Magic Snow Cushion 15g t\u1ea1i Hasaki \" \/><\/p>\n<p>&nbsp;<\/p>\n<p><img decoding=\"async\" title=\"April Skin Black Magic Snow Cushion\" src=\"https:\/\/media.hasaki.vn\/wysiwyg\/Chau\/phan-nuoc-ma-thuat-mau-tu-nhien-april-skin-15g-5.jpg\" alt=\"April Skin Black Magic Snow Cushion 15g\" \/><\/p>\n<p>&nbsp;<\/p>\n<p><img decoding=\"async\" title=\"April Skin Black Magic Snow Cushion 15g\" src=\"https:\/\/media.hasaki.vn\/wysiwyg\/Chau\/phan-nuoc-ma-thuat-mau-tu-nhien-april-skin-15g-6.jpg\" alt=\"April Skin Black Magic Snow Cushion \" \/><\/p>\n<p>&nbsp;<\/p>\n<h2>\u01afu th\u1ebf n\u1ed5i b\u1eadt:<\/h2>\n<ul>\n<li>Che ph\u1ee7 m\u1ecdi khuy\u1ebft \u0111i\u1ec3m nh\u01b0 m\u1ee5n, th\u00e2m, l\u1ed7 ch\u00e2n l\u00f4ng to&#8230; s\u1ea3n ph\u1ea9m b\u1ec1n m\u00e0u,\u00a0t\u0103ng c\u01b0\u1eddng \u0111\u1ed9 b\u1ec1n m\u00e0u su\u1ed1t c\u1ea3 ng\u00e0y mang \u0111\u1ebfn l\u00e0n da tr\u1eafng s\u00e1ng, tr\u00e0n \u0111\u1ea7y s\u1ee9c s\u1ed1ng.<\/li>\n<li>Chi\u1ebft xu\u1ea5t\u00a0vi\u1ec7t qu\u1ea5t\u00a0v\u00e0\u00a0l\u00f4 h\u1ed9i\u00a0gi\u00fap th\u01b0 gi\u00e3n, nu\u00f4i d\u01b0\u1ee1ng l\u00e0n da m\u1ec1m m\u1ea1i \u0111\u1ed3ng th\u1eddi cung c\u1ea5p n\u0103ng l\u01b0\u1ee3ng cho da l\u1ea5y l\u1ea1i s\u1ee9c s\u1ed1ng h\u01a1n.<\/li>\n<li>C\u00f3\u00a0ch\u1ec9 s\u1ed1 ch\u1ed1ng n\u1eafng kh\u00e1 cao v\u1edbi\u00a0SPF 50+ PA+++, mang \u0111\u1ebfn hi\u1ec7u qu\u1ea3 b\u1ea3o v\u1ec7 da d\u01b0\u1edbi t\u00e1c h\u1ea1i c\u1ee7a \u00e1nh n\u1eafng m\u1eb7t tr\u1eddi th\u1eadt t\u1ed1i \u01b0u.<\/li>\n<li>B\u1ed5 sung th\u00e0nh ph\u1ea7n g\u1ed1c n\u01b0\u1edbc l\u00ean t\u1edbi 45% t\u0103ng c\u01b0\u1eddng kh\u1ea3 n\u0103ng d\u01b0\u1ee1ng \u1ea9m l\u00e0m m\u1ec1m m\u1ecbn da, t\u0103ng c\u01b0\u1eddng \u0111\u1ed9 b\u1ec1n m\u00e0u su\u1ed1t c\u1ea3 ng\u00e0y.<\/li>\n<li>\u0110\u1ec7m kh\u00ed c\u1ea3i ti\u1ebfn d\u1ea1ng\u00a0Mochi-Cushion\u00a0gi\u00fap kem n\u1ec1n b\u00ean trong tho\u00e1t ra v\u1eeba \u0111\u1ee7 cho 1 l\u1ea7n nh\u1ea5n, ti\u1ebft ki\u1ec7m, v\u1ec7 sinh h\u01a1n.<\/li>\n<\/ul>\n<p>&nbsp;<\/p>\n<p><img decoding=\"async\" title=\"Ph\u1ea5n N\u01b0\u1edbc April Skin Black Magic Snow Cushion \" src=\"https:\/\/media.hasaki.vn\/wysiwyg\/Chau\/phan-nuoc-ma-thuat-mau-tu-nhien-april-skin-15g-7.jpg\" alt=\"Ph\u1ea5n N\u01b0\u1edbc April Skin Black Magic Snow Cushion 15g\" \/><\/p>\n<p>&nbsp;<\/p>\n<h2>B\u1ea3o qu\u1ea3n:<\/h2>\n<ul>\n<li>N\u01a1i kh\u00f4 r\u00e1o, tho\u00e1ng m\u00e1t.<\/li>\n<li>Tr\u00e1nh \u00e1nh n\u1eafng tr\u1ef1c ti\u1ebfp, n\u01a1i c\u00f3 nhi\u1ec7t \u0111\u1ed9 cao ho\u1eb7c \u1ea9m \u01b0\u1edbt.<\/li>\n<li>\u0110\u1eady n\u1eafp k\u00edn sau khi s\u1eed d\u1ee5ng.<\/li>\n<\/ul>\n<h2>Th\u00f4ng s\u1ed1 s\u1ea3n ph\u1ea9m:<\/h2>\n<ul>\n<li>Dung t\u00edch:\u00a015g; 2x15g<\/li>\n<li>Th\u01b0\u01a1ng hi\u1ec7u:\u00a0April Skin<\/li>\n<li>Xu\u1ea5t x\u1ee9 th\u01b0\u01a1ng hi\u1ec7u:\u00a0H\u00e0n Qu\u1ed1c<\/li>\n<li>S\u1ea3n xu\u1ea5t t\u1ea1i:\u00a0H\u00e0n Qu\u1ed1c.<\/li>\n<\/ul>\n","protected":false},"excerpt":{"rendered":"<p>Ph\u1ea5n N\u01b0\u1edbc Ma Thu\u1eadt\u00a0April Skin Black Magic Snow Cushion\u00a0l\u00e0 s\u1ea3n ph\u1ea9m\u00a0cushion\u00a0phi\u00ean b\u1ea3n m\u1edbi nh\u1ea5t \u0111\u1ebfn t\u1eeb\u00a0th\u01b0\u01a1ng hi\u1ec7u m\u1ef9 ph\u1ea9m April Skin\u00a0c\u1ee7a H\u00e0n Qu\u1ed1c, gi\u00fap bi\u1ebfn h\u00f3a l\u00e0n da khuy\u1ebft \u0111i\u1ec3m th\u00e0nh l\u00e0n da \u0111\u1eb9p ngay l\u1eadp t\u1ee9c, c\u00f3 th\u1ec3 thay th\u1ebf to\u00e0n b\u1ed9 b\u01b0\u1edbc trang \u0111i\u1ec3m t\u1eeb kem l\u00f3t, kem n\u1ec1n, ph\u1ea5n ph\u1ee7, kem ch\u1ed1ng [&#8230;]\n","protected":false},"featured_media":92,"comment_status":"open","ping_status":"closed","template":"","meta":{"_acf_changed":false},"test":[],"product_brand":[],"product_cat":[19,18,20,17],"product_tag":[],"thuong-hieu":[53],"class_list":{"0":"post-85","1":"product","2":"type-product","3":"status-publish","4":"has-post-thumbnail","6":"product_cat-cham-soc-co-the","7":"product_cat-son-tint","8":"product_cat-sua-rua-mat","9":"product_cat-trang-diem","10":"thuong-hieu-mac","12":"first","13":"instock","14":"shipping-taxable","15":"purchasable","16":"product-type-variable"},"acf":[],"jetpack_sharing_enabled":true,"_links":{"self":[{"href":"https:\/\/store.k-tech-services.com\/wp-mypham\/wp-json\/wp\/v2\/product\/85","targetHints":{"allow":["GET"]}}],"collection":[{"href":"https:\/\/store.k-tech-services.com\/wp-mypham\/wp-json\/wp\/v2\/product"}],"about":[{"href":"https:\/\/store.k-tech-services.com\/wp-mypham\/wp-json\/wp\/v2\/types\/product"}],"replies":[{"embeddable":true,"href":"https:\/\/store.k-tech-services.com\/wp-mypham\/wp-json\/wp\/v2\/comments?post=85"}],"wp:featuredmedia":[{"embeddable":true,"href":"https:\/\/store.k-tech-services.com\/wp-mypham\/wp-json\/wp\/v2\/media\/92"}],"wp:attachment":[{"href":"https:\/\/store.k-tech-services.com\/wp-mypham\/wp-json\/wp\/v2\/media?parent=85"}],"wp:term":[{"taxonomy":"test","embeddable":true,"href":"https:\/\/store.k-tech-services.com\/wp-mypham\/wp-json\/wp\/v2\/test?post=85"},{"taxonomy":"product_brand","embeddable":true,"href":"https:\/\/store.k-tech-services.com\/wp-mypham\/wp-json\/wp\/v2\/product_brand?post=85"},{"taxonomy":"product_cat","embeddable":true,"href":"https:\/\/store.k-tech-services.com\/wp-mypham\/wp-json\/wp\/v2\/product_cat?post=85"},{"taxonomy":"product_tag","embeddable":true,"href":"https:\/\/store.k-tech-services.com\/wp-mypham\/wp-json\/wp\/v2\/product_tag?post=85"},{"taxonomy":"thuong-hieu","embeddable":true,"href":"https:\/\/store.k-tech-services.com\/wp-mypham\/wp-json\/wp\/v2\/thuong-hieu?post=85"}],"curies":[{"name":"wp","href":"https:\/\/api.w.org\/{rel}","templated":true}]}}