{"id":438,"date":"2023-10-10T02:28:46","date_gmt":"2023-10-10T02:28:46","guid":{"rendered":"http:\/\/localhost\/wp-batdongsan\/?post_type=product&#038;p=438"},"modified":"2023-10-10T02:29:17","modified_gmt":"2023-10-10T02:29:17","slug":"z4726655370586-1c53aa9f4f2ee919aee9410e7493472f-z4726655369234-536154a87a77e5e6f2334b605b78ce82-z4726655383133-2667f6b69a93402e23265d51503ff1de-z4726655375431-ad96df47d71f73abac51bb718aa114b4-z4726655","status":"publish","type":"product","link":"https:\/\/store.k-tech-services.com\/wp-batdongsan\/bat-dong-san\/z4726655370586-1c53aa9f4f2ee919aee9410e7493472f-z4726655369234-536154a87a77e5e6f2334b605b78ce82-z4726655383133-2667f6b69a93402e23265d51503ff1de-z4726655375431-ad96df47d71f73abac51bb718aa114b4-z4726655\/","title":{"rendered":"B\u00c1N NH\u00c0 M\u1edaI S\u1eaeP HO\u00c0N THI\u1ec6N H\u1ebaM 3M TR\u1ea6N XU\u00c2N SO\u1ea0N, P.T\u00c2N H\u01afNG, QU\u1eacN 7 \u2013 C\u00c1CH H\u1ebaM XE H\u01a0I 20M \u2013 C\u1ea0NH HIMLAM"},"content":{"rendered":"<p><strong>B\u00c1N NH\u00c0 M\u1edaI S\u1eaeP HO\u00c0N THI\u1ec6N H\u1ebaM 3M TR\u1ea6N XU\u00c2N SO\u1ea0N, P.T\u00c2N H\u01afNG, QU\u1eacN 7 \u2013 C\u00c1CH H\u1ebaM XE H\u01a0I 20M \u2013 C\u1ea0NH HIMLAM<\/strong><br \/>\n__________________________________________<br \/>\n???Gi\u00e1: 4T\u1ef65. (Th\u01b0\u01a1ng L\u01b0\u1ee3ng)<br \/>\n\u2705 Di\u1ec7n t\u00edch: 4m x 11m. Th\u1ef1c t\u1ebf 5m x 11m.<br \/>\n\u2705 K\u1ebft c\u1ea5u: 1Tr\u1ec7t, 1L\u1ea7u ( 3Ph\u00f2ng ng\u1ee7, 2WC ).<br \/>\n\u2705 Nh\u00e0 c\u00f3 ph\u00f2ng ng\u1ee7 d\u01b0\u1edbi tr\u1ec7t c\u00f3 ng\u01b0\u1eddi l\u1edbn tu\u1ed5i.<br \/>\n\u2705 Nh\u00e0 m\u1edbi \u0111\u1eb9p x\u00e2y d\u1ef1ng ki\u00ean c\u1ed1, ch\u1eafc ch\u1eafn, c\u00f3 th\u1ec3 d\u1ecdn v\u00e0o \u1edf ngay.<br \/>\n\u2705 Ph\u00e1p L\u00fd: S\u1ed5 H\u1ed3ng Ri\u00eang. Ho\u00e0n c\u00f4ng \u0111\u1ea7y \u0111\u1ee7. H\u1ed7 tr\u1ee3 vay ng\u00e2n h\u00e0ng<\/p>\n<p>&nbsp;<\/p>\n<p><strong>th\u00f4ng tin th\u00eam:<\/strong><\/p>\n<ul>\n<li>B\u00e1n nh\u00e0 \u0111\u1ea5t nh\u00e0 b\u00e8 \u1edf khu v\u1ef1c trung t\u00e2m. V\u1ecb tr\u00ed c\u1ee7a ng\u00f4i nh\u00e0 n\u1eb1m trong h\u1ebbm \u1edf khu v\u1ef1c ph\u00eda Nam S\u00e0i G\u00f2n l\u00e0 n\u1eb1m tr\u00ean cung \u0111\u01b0\u1eddng hu\u1ef3nh t\u1ea5n ph\u00e1t l\u00e0 khu v\u1ef1c c\u1eeda ng\u00f5 c\u1ee7a huy\u1ec7n ti\u1ebfp gi\u00e1p v\u1edbi khu \u0111\u00f4 th\u1ecb Ph\u00fa M\u1ef9 H\u01b0ng (qu\u1eadn 7).<\/li>\n<li>Trong khi trung t\u00e2m th\u00e0nh ph\u1ed1 tr\u1edf th\u00e0nh n\u01a1i \u0111\u00f4ng \u0111\u00fac, ch\u1eadt ch\u1ed9i, ng\u01b0\u1eddi d\u00e2n n\u01a1i \u0111\u00e2y h\u1eb1ng ng\u00e0y ph\u1ea3i \u0111\u1ed1i m\u1eb7t v\u1edbi kh\u00f3i b\u1ee5i, \u00f4 nhi\u1ec5m th\u00ec khu v\u1ef1c nh\u00e0 b\u00e8 g\u1ea7n \u0111\u00e2y l\u1ea1i n\u1ed5i l\u00ean nh\u01b0 m\u1ed9t n\u01a1i a c\u01b0 l\u00fd t\u01b0\u1edfng cho nh\u1eefng con ng\u01b0\u1eddi y\u00eau thi\u00ean nhi\u00ean v\u1edbi kh\u00f4ng kh\u00ed trong l\u00e0nh.<\/li>\n<li>Ng\u01b0\u1eddi d\u00e2n sinh s\u1ed1ng t\u1ea1i khu v\u1ef1c n\u00e0y c\u00f3 th\u1ec3 k\u1ebft n\u1ed1i tr\u1ef1c ti\u1ebfp \u0111\u1ebfn khu \u0111\u00f4 th\u1ecb Ph\u00fa M\u1ef9 H\u01b0ng qua c\u1ea7u R\u1ea1ch \u0110\u0129a v\u00e0 hai tr\u1ee5c \u0111\u01b0\u1eddng l\u1edbn L\u00ea V\u0103n L\u01b0\u01a1ng v\u00e0 Nguy\u1ec5n H\u1eefu Th\u1ecd.<\/li>\n<li>Trong v\u00f2ng 3 \u2013 10 ph\u00fat l\u00e1i xe, t\u1eeb x\u00e3 Ph\u01b0\u1edbc Ki\u1ec3n, ng\u01b0\u1eddi d\u00e2n c\u00f3 th\u1ec3 di chuy\u1ec3n \u0111\u1ebfn c\u00e1c ti\u1ec7n \u00edch \u2013 d\u1ecbch v\u1ee5 h\u00e0ng \u0111\u1ea7u khu Nam nh\u01b0 TTTM SC Vivo City, Cresent Mall, c\u00f4ng vi\u00ean H\u1ed3 B\u00e1n Nguy\u1ec7t, Trung t\u00e2m H\u1ed9i ch\u1ee3 v\u00e0 Tri\u1ec3n l\u00e3m S\u00e0i G\u00f2n, c\u00e1c b\u1ec7nh vi\u1ec7n v\u00e0 tr\u01b0\u1eddng h\u1ecdc qu\u1ed1c t\u1ebf h\u00e0ng \u0111\u1ea7u,\u2026<\/li>\n<li>Mua nh\u00e0 \u0111\u1ea5t \u1edf nh\u00e0 b\u00e8 c\u00f2n l\u00e0 c\u01a1 h\u1ed9i \u0111\u1ec3 b\u1ea1n c\u00f3 \u0111\u1ec3 \u0111\u1ea7u t\u01b0 sinh l\u1eddi khi b\u00e1n nh\u00e0 \u1edf khu v\u1ef1c n\u00e0y r\u1ea5t \u0111\u01b0\u1ee3c gi\u00e1 v\u00ec \u0111\u00e2y l\u00e0 m\u1ed9t khu v\u1ef1c \u0111ang ph\u00e1t tri\u1ec3n v\u1edbi nhi\u1ec1u c\u01a1 h\u1ed9i ti\u1ec1m n\u0103ng<\/li>\n<li><a href=\"https:\/\/bdsduchuy.com\/\">https:\/\/bdsduchuy.com\/<\/a>\u00a0mang \u0111\u1ebfn k\u00eanh th\u00f4ng tin b\u1ea5t \u0111\u1ed9ng s\u1ea3n h\u00e0ng \u0111\u1ea7u t\u1ea1i Vi\u1ec7t Nam, ch\u00fang t\u00f4i l\u00e0 c\u1ea7u n\u1ed1i gi\u00fap vi\u1ec7c\u00a0<strong>mua b\u00e1n nh\u00e0 \u0111\u1ea5t qu\u1eadn 7 v\u00e0 nh\u00e0 b\u00e8<\/strong>\u00a0tr\u1edf n\u00ean nhanh v\u00e0 ti\u1ec7n l\u1ee3i nh\u1ea5t. N\u1ebfu b\u1ea1n \u0111ang c\u00f3 nhu c\u1ea7u mua b\u00e1n b\u1ea5t \u0111\u1ed9ng s\u1ea3n t\u1ea1i qu\u1eadn7 v\u00e0 nh\u00e0 b\u00e8 .<\/li>\n<li>\u00a0h\u00e3y ch\u1ecdn\u00a0<a href=\"https:\/\/bdsduchuy.com\/\">https:\/\/bdsduchuy.com\/\u00a0<\/a>\u00a0l\u00e0 k\u00eanh \u0111\u0103ng tin rao b\u00e1n b\u1ea5t \u0111\u1ed9ng s\u1ea3n c\u1ee7a b\u1ea1n cung c\u1ea5p nh\u1eefng th\u00f4ng tin ch\u00ednh x\u00e1c nh\u1ea5t v\u1ec1 c\u00e1c d\u1ef1 \u00e1n bi\u1ec7t th\u1ef1 li\u1ec1n k\u1ec1 t\u1ea1i\u00a0<b>nh\u00e0 \u0111\u1ea5t qu\u1eadn 7 v\u00e0 nh\u00e0 \u0111\u1ea5t nh\u00e0 b\u00e8\u00a0<\/b>v\u00e0 khu v\u1ef1c l\u00e2n c\u1eadn, gi\u00fap ng\u01b0\u1eddi xem c\u00f3 cai nh\u00ecn t\u1ed5ng quan h\u01a1n v\u1ec1 th\u1ecb tr\u01b0\u1eddng b\u1ea5t \u0111\u1ed9ng s\u1ea3n \u0111ang quan t\u00e2m<\/li>\n<li>.<strong>H\u00e3y l\u1ef1a ch\u1ecdn BDS \u0110\u1ee9c Huy ch\u00fang t\u00f4i s\u1ebd mang \u0111\u1ebfn ngu\u1ed3n th\u00f4ng tin b\u1ea1n c\u1ea7n gi\u00fap b\u1ea1n tham kh\u1ea3o \u0111\u1ec3 c\u00f3 nh\u1eefng quy\u1ebft \u0111\u1ecbnh mua \u2013 Cam k\u1ebft mua b\u00e1n \u0111\u00fang gi\u00e1\u00a0 nh\u00e0 \u0111\u1ea5t qu\u1eadn 7 v\u00e0 nh\u00e0 b\u00e8 , kh\u00e1ch h\u00e0ng an t\u00e2m \u0111\u1ebfn v\u1edbi ch\u00fang t\u00f4i . S\u1ea3n ph\u1ea9m ph\u00f9 h\u1ee3p m\u1ecdi kh\u00e1ch h\u00e0ng Nh\u00e0 SHR qu\u1eadn 7 , nh\u00e0 SHR nh\u00e0 B\u00e8 . Nh\u00e0 Ph\u1ed1 Li\u1ec1n K\u1ec1 Q7 v\u00e0 Nh\u00e0 B\u00e8 \u2026\u2026<\/strong><\/li>\n<li><strong>Giao Dich nhanh ch\u00f3ng , Ph\u00e1p L\u00ed an To\u00e0n . Th\u00f4ng Tin h\u00ecnh \u1ea3nh ch\u00ednh x\u00e1c . T\u01b0 V\u1ea5n Mi\u1ec5n Ph\u00ed . H\u1ed7 tr\u1ee3 ph\u00e1p l\u00ed cho kh\u00e1ch h\u00e0ng<\/strong><\/li>\n<li><strong>Uy T\u00edn \u2013 T\u1eadn T\u00e2m \u2013 Nhi\u1ec7t Huy\u1ebft<\/strong><\/li>\n<\/ul>\n<p>__________________________________________________<\/p>\n<p><strong>* Xin vui l\u00f2ng li\u00ean h\u1ec7 ho\u1eb7c k\u1ebft b\u1ea1n zalo \u0111\u1ec3 \u0111\u01b0\u1ee3c t\u01b0 v\u1ea5n t\u1eadn t\u00ecnh v\u00e0 chu \u0111\u00e1o.<\/strong><\/p>\n<p><strong>Li\u00ean H\u1ec7 :<\/strong>\u00a0<a href=\"tel:091111.5156\">091111.5156<\/a><\/p>\n<p><strong>Website:<\/strong>\u00a0<a href=\"https:\/\/bdsduchuy.com\/\">https:\/\/bdsduchuy.com\/<\/a><\/p>\n","protected":false},"excerpt":{"rendered":"<p>B\u00c1N NH\u00c0 M\u1edaI S\u1eaeP HO\u00c0N THI\u1ec6N H\u1ebaM 3M TR\u1ea6N XU\u00c2N SO\u1ea0N, P.T\u00c2N H\u01afNG, QU\u1eacN 7 \u2013 C\u00c1CH H\u1ebaM XE H\u01a0I 20M \u2013 C\u1ea0NH HIMLAM __________________________________________ ???Gi\u00e1: 4T\u1ef65. (Th\u01b0\u01a1ng L\u01b0\u1ee3ng) \u2705 Di\u1ec7n t\u00edch: 4m x 11m. Th\u1ef1c t\u1ebf 5m x 11m. \u2705 K\u1ebft c\u1ea5u: 1Tr\u1ec7t, 1L\u1ea7u ( 3Ph\u00f2ng ng\u1ee7, 2WC ). \u2705 Nh\u00e0 c\u00f3 ph\u00f2ng ng\u1ee7 [&#8230;]\n","protected":false},"featured_media":439,"comment_status":"open","ping_status":"closed","template":"","meta":[],"huong_nha":[34],"khoang_gia":[24],"khu_vuc":[20],"loai_bat_dong_san":[32],"product_cat":[40],"product_tag":[],"class_list":["post-438","product","type-product","status-publish","has-post-thumbnail","hentry","huong_nha-nam","khoang_gia-4ty-5ty","khu_vuc-quan-7","loai_bat_dong_san-nha-ngo-hem","product_cat-dat-tho-cu"],"acf":[],"_links":{"self":[{"href":"https:\/\/store.k-tech-services.com\/wp-batdongsan\/wp-json\/wp\/v2\/product\/438","targetHints":{"allow":["GET"]}}],"collection":[{"href":"https:\/\/store.k-tech-services.com\/wp-batdongsan\/wp-json\/wp\/v2\/product"}],"about":[{"href":"https:\/\/store.k-tech-services.com\/wp-batdongsan\/wp-json\/wp\/v2\/types\/product"}],"replies":[{"embeddable":true,"href":"https:\/\/store.k-tech-services.com\/wp-batdongsan\/wp-json\/wp\/v2\/comments?post=438"}],"wp:featuredmedia":[{"embeddable":true,"href":"https:\/\/store.k-tech-services.com\/wp-batdongsan\/wp-json\/wp\/v2\/media\/439"}],"wp:attachment":[{"href":"https:\/\/store.k-tech-services.com\/wp-batdongsan\/wp-json\/wp\/v2\/media?parent=438"}],"wp:term":[{"taxonomy":"huong_nha","embeddable":true,"href":"https:\/\/store.k-tech-services.com\/wp-batdongsan\/wp-json\/wp\/v2\/huong_nha?post=438"},{"taxonomy":"khoang_gia","embeddable":true,"href":"https:\/\/store.k-tech-services.com\/wp-batdongsan\/wp-json\/wp\/v2\/khoang_gia?post=438"},{"taxonomy":"khu_vuc","embeddable":true,"href":"https:\/\/store.k-tech-services.com\/wp-batdongsan\/wp-json\/wp\/v2\/khu_vuc?post=438"},{"taxonomy":"loai_bat_dong_san","embeddable":true,"href":"https:\/\/store.k-tech-services.com\/wp-batdongsan\/wp-json\/wp\/v2\/loai_bat_dong_san?post=438"},{"taxonomy":"product_cat","embeddable":true,"href":"https:\/\/store.k-tech-services.com\/wp-batdongsan\/wp-json\/wp\/v2\/product_cat?post=438"},{"taxonomy":"product_tag","embeddable":true,"href":"https:\/\/store.k-tech-services.com\/wp-batdongsan\/wp-json\/wp\/v2\/product_tag?post=438"}],"curies":[{"name":"wp","href":"https:\/\/api.w.org\/{rel}","templated":true}]}}